13, what is -5 - 10568b7?
-10568bc
In base 10, what is -184639 + 2427?
-182212
In base 10, what is -15111 - 20452?
-35563
In base 14, what is 106 - -4c9d?
4da5
In base 4, what is 2 - -100010213330?
100010213332
In base 3, what is -112212211 + 200121?
-112012020
In base 8, what is 2012725 - 4?
2012721
In base 14, what is 4dda7c67 + 4?
4dda7c6b
In base 3, what is 10121002201221010 - 20?
10121002201220220
In base 3, what is 1 - 111121121010?
-111121121002
In base 15, what is 12 - -4e022?
4e034
In base 12, what is 1 + -2358321?
-2358320
In base 3, what is 11011 + -1011121001?
-1011102220
In base 11, what is 3 - 3126707?
-3126704
In base 14, what is 1 - 648320?
-64831d
In base 11, what is -3113 + 50480?
48368
In base 7, what is -44 - 404066?
-404143
In base 3, what is -10 - -102002112000000?
102002111222220
In base 10, what is -3517 - 13664?
-17181
In base 7, what is 213 - -355500?
356013
In base 11, what is 21760 + 272a?
2438a
In base 14, what is 2667a3 + -59?
266748
In base 8, what is 456627 + -14?
456613
In base 10, what is -122457932 + -5?
-122457937
In base 9, what is 54057 + 464?
54532
In base 9, what is -27806 - -77?
-27718
In base 4, what is -30121321222111 + -10?
-30121321222121
In base 14, what is b059 - -657?
b6b2
In base 6, what is 202544014 + 43?
202544101
In base 10, what is -12917 - -28320?
15403
In base 12, what is 1a695775 + 6?
1a69577b
In base 11, what is -2a89a47 + 3?
-2a89a44
In base 11, what is 233789288 - 2?
233789286
In base 5, what is -234 + -240333343?
-240334132
In base 16, what is 7 + -102fef4?
-102feed
In base 5, what is -1 - -113442311424?
113442311423
In base 6, what is 141 + -40420441?
-40420300
In base 4, what is -10333200203132 - -1?
-10333200203131
In base 12, what is 0 + 19a5ba?
19a5ba
In base 9, what is 21 + 1224340?
1224361
In base 5, what is -21 + -4004234211?
-4004234232
In base 14, what is a594 + -1ca?
a3a8
In base 2, what is -1101001101111001000111100 - -10?
-1101001101111001000111010
In base 5, what is 1102123213 + 12?
1102123230
In base 12, what is 6b60b68 + -1?
6b60b67
In base 14, what is -2 + c54229?
c54227
In base 14, what is 8 + -5ad4414?
-5ad440a
In base 10, what is -30 - 1492033?
-1492063
In base 7, what is 130056 + 40636?
201025
In base 14, what is -7c2cb - -5?
-7c2c6
In base 9, what is 2036 - -4403?
6440
In base 10, what is 3818154 - 4?
3818150
In base 4, what is -3231 - -1213201?
1203310
In base 12, what is -b1545 + 25?
-b1520
In base 11, what is 27974 - 2729?
25246
In base 12, what is -53 - -7b68b?
7b638
In base 6, what is -2 - 214534051?
-214534053
In base 3, what is 2001001021 - 111110?
2000112211
In base 10, what is -75 - 375187?
-375262
In base 14, what is 10c58 - -d9?
10d53
In base 8, what is -1132515 - 12?
-1132527
In base 6, what is 440342 + 15?
440401
In base 5, what is 32230024 + -102?
32224422
In base 15, what is 630 - eb6b?
-e53b
In base 10, what is 16969 - -13993?
30962
In base 9, what is -1764 - 52881?
-54755
In base 3, what is -100100211000111221 + -11?
-100100211000112002
In base 3, what is 1221200212112210 + 1?
1221200212112211
In base 10, what is -275 + 1657?
1382
In base 4, what is -111300 + 2330201?
2212301
In base 10, what is -3090 - 498030?
-501120
In base 9, what is -5 - 2165842?
-2165847
In base 11, what is 216a33244 - -3?
216a33247
In base 6, what is 15112042 - -11000?
15123042
In base 5, what is -1232 + -2022?
-3304
In base 10, what is 18 + -22864?
-22846
In base 5, what is 213232101 - 241?
213231310
In base 2, what is 11100010 + 1001001010000011?
1001001101100101
In base 16, what is -2f60d - -656?
-2efb7
In base 13, what is -9651c4c - 1?
-9651c50
In base 13, what is -39 - 1199786?
-11997c2
In base 2, what is 101100111110110 - -1100111100?
101110100110010
In base 14, what is 5 + 166d9653?
166d9658
In base 6, what is 153023125 - 351?
153022334
In base 8, what is 256156 - -107?
256265
In base 8, what is 66305357 + -102?
66305255
In base 16, what is -5 + -22f10c?
-22f111
In base 12, what is -143ba3575 + -4?
-143ba3579
In base 7, what is 16 - -413345361?
413345410
In base 4, what is 100131232112 + -2?
100131232110
In base 10, what is 3141470 + 19?
3141489
In base 11, what is 3271 + -3a384?
-37113
In base 2, what is 10111011011010011 + -11010?
10111011010111001
In base 5, what is 104141240002 + -4?
104141234443
In base 16, what is -1a3c4c6 + 3?
-1a3c4c3
In base 10, what is -4 + 5792675?
5792671
In base 6, what is 434 - -12135134?
12140012
In base 8, what is -453 - 1542653?
-1543326
In base 4, what is -31022 + 20201011?
20103323
In base 12, what is -876b337 - 5?
-876b340
In base 3, what is -12 + 11121000202221?
11121000202202
In base 5, what is -211044430120 - 10?
-211044430130
In base 10, what is -108 + 3370208?
3370100
In base 2, what is -10010010001100111100011001 + 10000?
-10010010001100111100001001
In base 2, what is -11000100100010101111000110 - -10?
-11000100100010101111000100
In base 2, what is 110000100 + 10110111010010?
10111101010110
In base 6, what is -1141 + -125135522?
-125141103
In base 2, what is -11001 + 1010101010110110100?
1010101010110011011
In base 12, what is -1a + 110a05?
1109a7
In base 2, what is 110000111010001000110110 - 11?
110000111010001000110011
In base 2, what is 110000111111 + -111100100011101011?
-111011110010101100
In base 10, what is 0 + -36913914?
-36913914
In base 12, what is -103372257 - -3?
-103372254
In base 14, what is -ad554 + 9a?
-ad498
In base 13, what is -3c9 - -2307?
1c0b
In base 16, what is -7f + 16547?
164c8
In base 2, what is -1011111000111110 + 100001100?
-1011110100110010
In base 4, what is 11 + 2100330131222?
2100330131233
In base 7, what is -211 - 15345?
-15556
In base 12, what is -2280 - -5591?
3311
In base 4, what is 1012210322311 + 11?
1012210322322
In base 11, what is 13067 - -16518?
29584
In base 10, what is -10971378 + -11?
-10971389
In base 12, what is -5 + -3629669?
-3629672
In base 9, what is -6 + -16506188?
-16506205
In base 14, what is 3002 - -2b?
302d
In base 5, what is -133 - 143443?
-144131
In base 11, what is -57a726 + -106?
-57a831
In base 10, what is -1 - -3193105?
3193104
In base 6, what is -142401513545 - -4?
-142401513541
In base 9, what is 0 + -3312508?
-3312508
In base 6, what is -505 + 10002042?
10001133
In base 16, what is -a1c791 + -13?
-a1c7a4
In base 2, what is 110 - -111111010001111111110000?
111111010001111111110110
In base 4, what is 110220 + -202010?
-31130
In base 9, what is 122702446 - 4?
122702442
In base 5, what is 144 + -42310230?
-42310031
In base 14, what is -b5c0 + -23a2?
-d982
In base 11, what is 50a63 + 9?
50a71
In base 14, what is 2d88 - b96c?
-89c4
In base 6, what is -3 + 32311510?
32311503
In base 11, what is 327 + 10599?
10915
In base 8, what is 1576506235 + 4?
1576506241
In base 9, what is 122680 + 262?
123052
In base 4, what is 2 + 1312103331133?
1312103331201
In base 3, what is -1 - -1001120222101?
1001120222100
In base 15, what is -2a86da72 + -2?
-2a86da74
In base 11, what is 9 + -50700829?
-50700820
In base 14, what is 3 - -55aac91?
55aac94
In base 12, what is -828218 - 6?
-828222
In base 13, what is 279b - aaaa?
-830c
In base 16, what is -224 - 13e4?
-1608
In base 13, what is -4 + -a59411?
-a59415
In base 2, what is -1110 + 11001011100010011111001?
11001011100010011101011
In base 7, what is -1342 - -214514?
213142
In base 3, what is -10 + -2110222001002212?
-2110222001002222
In base 4, what is 12120 + 13122232?
13201012
In base 11, what is 10a687 - 47?
10a640
In base 5, what is -1220024414 + 4?
-1220024410
In base 15, what is -1 + -277430c?
-277430d
In base 15, what is 6c0199 - -94?
6c023d
In base 14, what is -1d5c - 81?
-1ddd
In base 4, what is 11320 + 1123320?
1201300
In base 8, what is 277440557 - -3?
277440562
In base 5, what is 4 - 21323241304?
-21323241300
In base 7, what is 656663661 - -2?
656663663
In base 5, what is -13342320033 + 11?
-13342320022
In base 10, what is -93 + 39442?
39349
In base 8, what is 240537411 - -1?
240537412
In base 11, what is -4 + 359667?
359663
In base 6, what is 14414220454 - 0?
14414220454
In base 14, what is 3 - 5a3d71?
-5a3d6c
In base 13, what is 1a - 95887?
-9586a
In base 10, what is -3 + 49792168?
49792165
In base 6, what is -141234222340 + -4?
-141234222344
In base 3, what is 21200000 + -2112022?
12010201
In base 16, what is cd1a2